ighest common factor of 600036 and 7936?
124
What is the greatest common divisor of 13381734 and 331076?
4474
Calculate the highest common divisor of 11534530 and 98.
14
What is the highest common factor of 108625088 and 198?
22
Calculate the highest common factor of 4494 and 22947006.
642
What is the highest common factor of 8 and 30077816?
8
What is the highest common factor of 3109274 and 1197?
133
What is the highest common divisor of 5319 and 32479587?
1773
Calculate the highest common divisor of 29785 and 17832150.
1295
Calculate the highest common factor of 771184 and 2195664.
4912
What is the highest common factor of 3 and 24634944?
3
Calculate the highest common factor of 29792265 and 11208.
1401
Calculate the greatest common factor of 202060 and 7940.
20
What is the greatest common divisor of 494232 and 3288?
24
Calculate the highest common factor of 270 and 142901910.
90
Calculate the highest common factor of 12708950 and 800.
50
Calculate the highest common factor of 41164 and 316762.
502
What is the highest common divisor of 729486 and 38637?
243
What is the greatest common divisor of 36079 and 4469?
109
What is the greatest common factor of 53 and 191627224?
53
What is the highest common factor of 410 and 6264620?
10
What is the greatest common factor of 1614 and 96476043?
807
What is the greatest common factor of 32361 and 222663?
483
What is the highest common divisor of 67048 and 288482401?
8381
Calculate the highest common factor of 7 and 4188653.
7
What is the highest common factor of 103927 and 525689?
1009
Calculate the greatest common factor of 228 and 10339268.
76
What is the greatest common factor of 63 and 961944?
3
What is the greatest common factor of 5868 and 74268?
36
What is the highest common factor of 5728 and 54012176?
2864
Calculate the highest common divisor of 68 and 510054332.
68
Calculate the highest common divisor of 3534357 and 20934.
3489
Calculate the highest common divisor of 11013072 and 13470.
2694
What is the greatest common divisor of 60303624 and 408?
408
What is the highest common divisor of 19692 and 16168226?
1094
What is the highest common factor of 3700604 and 144872?
796
Calculate the highest common factor of 3111 and 820023.
183
Calculate the greatest common divisor of 1286197 and 583.
11
What is the greatest common divisor of 3015947 and 2?
1
What is the highest common factor of 1565 and 2790395?
1565
What is the highest common divisor of 6751692 and 4536?
36
Calculate the highest common divisor of 35427 and 69.
3
What is the highest common divisor of 188087 and 66167?
127
Calculate the greatest common divisor of 2419084 and 2167780.
1132
What is the highest common factor of 163476640 and 3680?
3680
What is the highest common divisor of 4236168 and 96?
24
What is the greatest common divisor of 326 and 96304149?
163
What is the highest common factor of 3323904 and 1465028?
2164
Calculate the highest common divisor of 531947 and 4150.
83
Calculate the greatest common divisor of 958 and 799557817.
479
What is the greatest common divisor of 3668 and 67302298?
1834
Calculate the greatest common divisor of 44135 and 1556425.
65
What is the highest common divisor of 120 and 304684488?
24
What is the greatest common factor of 618043 and 8456?
151
What is the greatest common divisor of 1708 and 53334008?
1708
What is the highest common factor of 444 and 601634208?
444
What is the greatest common factor of 4382515 and 27965?
3995
What is the highest common factor of 681934 and 99?
11
Calculate the greatest common factor of 152468 and 656099.
811
What is the greatest common factor of 235539 and 9738?
9
Calculate the highest common divisor of 117 and 312810225.
39
Calculate the highest common factor of 612 and 7429680.
612
What is the greatest common factor of 1330 and 2302610?
190
What is the greatest common divisor of 60195260 and 80?
20
What is the greatest common factor of 14316079 and 744?
31
Calculate the greatest common divisor of 8517376 and 105728.
1792
Calculate the greatest common factor of 1334660882 and 46.
46
Calculate the greatest common factor of 26446812 and 505152.
10524
Calculate the greatest common divisor of 23471610 and 18.
6
Calculate the greatest common factor of 106904980 and 1510.
1510
What is the highest common factor of 52600 and 17944?
8
What is the highest common factor of 75065550 and 49?
49
Calculate the highest common factor of 31613 and 453793.
101
What is the greatest common divisor of 289870 and 1478?
2
Calculate the greatest common divisor of 22423454 and 6058.
466
What is the greatest common divisor of 125247 and 2756181?
249
Calculate the highest common divisor of 46644 and 912157.
23
What is the greatest common factor of 144 and 106302384?
144
Calculate the greatest common divisor of 7008360 and 840.
120
Calculate the highest common factor of 7143593 and 23.
23
Calculate the greatest common divisor of 21792 and 8696.
8
Calculate the highest common divisor of 75124 and 309988.
28
Calculate the highest common factor of 10350973 and 1589.
227
What is the greatest common divisor of 10920 and 2890524?
1092
Calculate the greatest common divisor of 161188110 and 378.
54
Calculate the greatest common divisor of 248248321 and 796.
199
What is the highest common factor of 79634 and 3746917?
1373
Calculate the highest common divisor of 440 and 125122360.
440
What is the highest common factor of 33809868 and 258?
258
Calculate the greatest common factor of 18366423 and 753.
753
Calculate the greatest common divisor of 419330 and 132962.
38
What is the greatest common factor of 21 and 1293628?
7
Calculate the highest common factor of 281483763 and 165.
33
What is the highest common factor of 8029 and 14423525?
1147
Calculate the highest common divisor of 12 and 1159734846.
6
Calculate the greatest common factor of 7222096 and 728.
56
Calculate the highest common divisor of 37327856 and 19.
19
Calculate the greatest common factor of 1524606 and 36.
6
What is the highest common factor of 194010 and 32770?
290
What is the highest common factor of 1769 and 5024627?
29
Calculate the highest common factor of 1834 and 232393.
7
Calculate the greatest common factor of 51601 and 242.
11
Calculate the greatest common divisor of 416 and 28074592.
416
Calculate the highest common divisor of 348 and 608073537.
87
Calculate the highest common divisor of 1368 and 10635858.
342
What is the highest common factor of 611 and 5766423?
13
Calculate the highest common divisor of 5306 and 15668239.
379
What is the greatest common factor of 53238 and 1390726?
934
Calculate the greatest common factor of 674777400 and 300.
300
Calculate the highest common divisor of 2780 and 373437956.
556
Calculate the highest common divisor of 66509021 and 2693.
2693
Calculate the greatest common factor of 640578 and 318.
6
Calculate the highest common divisor of 20 and 48546080.
20
Calculate the greatest common factor of 4178848 and 1616.
16
Calculate the greatest common factor of 91089174 and 6.
6
What is the highest common factor of 82056924 and 376?
188
Calculate the greatest common divisor of 22382 and 1360590.
1178
What is the highest common divisor of 3272882 and 1249030?
4234
What is the greatest common divisor of 9935948 and 964?
964
Calculate the highest common factor of 3657728 and 23218.
1786
Calculate the greatest common divisor of 134740793 and 253.
11
What is the highest common divisor of 3226 and 126860837?
1613
What is the highest common factor of 6565 and 519220?
65
Calculate the greatest common factor of 287 and 11411.
1
What is the highest common factor of 11108547 and 74?
37
Calculate the highest common divisor of 44692 and 16.
4
Calculate the highest common divisor of 607136 and 272.
16
Calculate the greatest common divisor of 12705995 and 8845.
305
What is the highest common divisor of 1989260 and 1404?
52
Calculate the greatest common divisor of 666 and 2164.
2
Calculate the greatest common divisor of 195334 and 81002.
202
What is the highest common factor of 3093859 and 3953?
67
Calculate the greatest common factor of 990 and 4700190.
330
Calculate the greatest common factor of 2186958 and 5835.
1167
What is the greatest common factor of 2165109 and 618?
3
What is the greatest common 